 (-2)/(-2)*-2. Let s = q - -15. Calculate the remainder when s is divided by 12.
11
Let g = -3 + 4. Let s be (g/(-1))/((-1)/9). Calculate the remainder when s - 1 - 4/2 is divided by 4.
2
Suppose 4*i - 15 - 5 = 0. What is the remainder when 12 is divided by i?
2
Suppose 4*s + 10 = -u, 5*u - 13 = 4*s - 39. What is the remainder when 20 is divided by (-65)/u - 7/(-42)?
9
Let j = -13 - -5. Let p be (5 - 0)*j/(-10). What is the remainder when 28 is divided by 4*2*5/p?
8
Suppose -11*b + 54 = -9*b. Calculate the remainder when 133 is divided by b.
25
Suppose 0 = v - 6*v. Suppose -134 = -2*y - m, v = -4*y + m + 167 + 89. What is the remainder when y is divided by 17?
14
Let t(j) = j**3 - 3*j**2 + j + 2. Let l be t(2). Suppose 2*r - 3*r + 6 = l. What is the remainder when r is divided by 4?
2
Let m(d) = -5*d + 11. What is the remainder when m(-8) is divided by 18?
15
Suppose -4*p - 6 + 54 = 0. Calculate the remainder when p is divided by -1*-7*(-5 - -6).
5
Suppose 136 = 11*a - 3*a. Calculate the remainder when 31 is divided by a.
14
Suppose -10 - 74 = -p. Let a = -43 + p. What is the remainder when a is divided by 11?
8
Let h = -29 - -71. What is the remainder when 82 is divided by h?
40
Let a = 19 - 6. Suppose 0*u - 2*u = -5*q + 302, -190 = -3*q - u. Let s = -24 + q. Calculate the remainder when s is divided by a.
12
What is the remainder when 1*1*-1*(-68)/2 is divided by 18?
16
Calculate the remainder when 69 is divided by (-2420)/(-66) + (-7)/(-3) + -2.
32
Let c = -157 + 250. What is the remainder when c is divided by 32?
29
Let b = -1 - -18. Calculate the remainder when (-1 + 6 - -51) + -8 is divided by b.
14
Let x = 4 + 3. Suppose 0 = 6*r - 26 - 34. Let u = r + x. What is the remainder when u is divided by 9?
8
Suppose 0 = -2*i - i + 123. What is the remainder when 163 is divided by i?
40
Let h(c) = c**2 - 8*c + 10. Suppose 5 = 2*g - 1. Suppose 0 = -g*j + 11 + 10. Calculate the remainder when j is divided by h(7).
1
Suppose 0 = -218*f + 213*f + 105. Calculate the remainder when 270 is divided by f.
18
Suppose -4*a - 1692 = -13*a. What is the remainder when a is divided by 19?
17
Let n(g) = g**3 - 9*g**2 + 11*g + 3. Calculate the remainder when 51 is divided by n(8).
24
Let d(f) = 1 + f**2 - f**2 - 2*f + 2*f**2. Let g = -11 + 19. What is the remainder when g is divided by d(2)?
3
Let o be -3 - (-12 - -2 - -3). Let f = 14 + -7. What is the remainder when f is divided by -1*o*(-8)/16?
1
Let z(m) = -m**3 - 7*m**2 - 8*m - 10. Calculate the remainder when z(-6) is divided by 1.
0
Suppose -12 = -3*j + 2*w, -3 = -3*w + 6. Calculate the remainder when j is divided by 3.
0
Let v = -11 - -15. Let z(c) be the first derivative of c**4/4 + 3*c**3 + 4*c**2 + 10*c + 3. Calculate the remainder when z(-8) is divided by v.
2
Let k(u) = 2*u - 4*u - 2*u**2 + u**3 + u. Let w be k(2). What is the remainder when w + -2 + (-69)/(-3) is divided by 7?
5
Let g(m) = 21*m. What is the remainder when g(3) is divided by 16?
15
Let p be 9/3*1 + 14. Suppose 0 = -0*n - n + p. What is the remainder when n is divided by 10?
7
Let t = 178 - 141. Calculate the remainder when t is divided by 13.
11
Let k(i) = 7*i**2 - 1 - 2 + 5*i**2 - 3*i. Let s be k(-2). Suppose 0*t = -3*t - 4*j + s, 3*t - 3*j = 30. Calculate the remainder when t is divided by 5.
3
Suppose 25 = -4*j - 2*g + 111, 5*j = -g + 100. Calculate the remainder when 2/(-4) - 150/(-4) is divided by j.
18
Suppose 0 = 4*x + 2*o + 6, x - 4*o - 12 = -x. Calculate the remainder when 11 is divided by (x - -1)/(5/35).
4
What is the remainder when ((-3)/5)/(3/(-30)) is divided by 5?
1
Let v(i) = -2*i - 5. Let b be v(-5). Let r = 9 - b. What is the remainder when 7 is divided by r?
3
Let c be -4*(-3 - (-21)/6). Let b be -1*(78/(-1) + c). Suppose 0*i = -4*i + b. What is the remainder when i is divided by 7?
6
What is the remainder when 118 is divided by (-1 - (-4 - -2))*32?
22
Calculate the remainder when 4/(-14) - 1656/(-63) is divided by 7.
5
Let l = 52 + -37. Calculate the remainder when 3/5 - 292/(-5) is divided by l.
14
Let v(t) = -t**3 - 5*t**2 - 3*t - 6. Let z(n) = -n**3 - 7*n**2 - 4*n + 1. Let k be z(-5). Let d = k + 45. What is the remainder when d is divided by v(-5)?
7
Suppose 0 = -f + 82 - 19. Calculate the remainder when f is divided by 32.
31
Let p = -98 - -149. Calculate the remainder when p is divided by 18.
15
Suppose 2*m - 5 = 67. Calculate the remainder when 177 is divided by m.
33
Suppose -2*z + x = -11 - 22, x + 16 = z. Suppose 104 = 2*d + 6. Calculate the remainder when d is divided by z.
15
Let o = 9 + -5. Suppose -q = -o*y - 9, -q = -0*q - 2*y - 17. Let x = -421 - -435. Calculate the remainder when q is divided by x.
11
Let t = 10 + -7. Suppose -t*r + 66 + 121 = -2*g, 0 = -3*r + g + 188. What is the remainder when r is divided by 16?
15
Let h = 31 - 14. Suppose -7*s = -2*s + 655. Let c = -82 - s. What is the remainder when c is divided by h?
15
Let r be -1 + 0 + (-1 - -3). Suppose 2*h - r = 21. Let z(b) = -b**3 + 9*b**2 - 2*b - 7. What is the remainder when z(8) is divided by h?
8
Let z = -75 + 155. Let r = z - -10. Suppose -3*t = -r + 12. Calculate the remainder when t is divided by 9.
8
Let m = 26 - 20. Calculate the remainder when (4 - -1)*(3 - 0) is divided by m.
3
Let q(j) = -j**2 + 5*j + 4. Let x = -4 + 7. What is the remainder when q(x) is divided by 6?
4
Let r be 0/(-2) + 6 + 0. Let t be 1 + r - (-8)/(-4). Suppose 2*q - 20 = -j, t*j - 55 = -0*j - q. What is the remainder when j is divided by 4?
2
Suppose 3*b - 14 = -2. Calculate the remainder when 6 is divided by b.
2
Let m = 17 - 15. Suppose 56 = 3*g + 4*b - 10, -m*g + b + 44 = 0. What is the remainder when g is divided by 6?
4
Suppose 4*s + 5 = -3*l + 2, -5*l = -5*s - 30. Suppose -4*x + 2 = -30. Calculate the remainder when x is divided by l.
2
Suppose -56 = -2*y + 30. Calculate the remainder when y is divided by 15.
13
Let t(g) = g**2 + 8*g + 6. Let d be t(-7). Let a be d/(-3)*3*1. Calculate the remainder when (-14)/2*(a + -3) is divided by 8.
6
Suppose -2*t - 105 = -3*c, 3*t - 105 = -3*c - 2*t. What is the remainder when c is divided by 9?
8
Calculate the remainder when (-120)/(3/(-1))*1 is divided by 14.
12
Suppose 3*t = -t + 212. Let d = 56 + -38. What is the remainder when t is divided by d?
17
Let h(l) be the second derivative of -l**4/12 - 5*l**3/2 + 3*l**2/2 - 10*l. What is the remainder when h(-15) is divided by 3?
0
Let u(n) = 2*n**2 + 10*n + 4. What is the remainder when u(-7) is divided by 17?
15
Let j(r) be the second derivative of r**5/20 - r**4/2 - r**3/2 + 4*r**2 + r. Let t be j(6). What is the remainder when 17 is divided by ((-18)/(-15))/((-2)/t)?
5
Let l = -23 - -35. Calculate the remainder when 21 is divided by l.
9
Suppose 7*b - 90 - 64 = 0. What is the remainder when 65 is divided by b?
21
Let f = -39 + 45. What is the remainder when 22 is divided by f?
4
Let u(z) = z**2 - 8*z + 40. Calculate the remainder when 40 is divided by u(5).
15
Suppose 3*v - 228 = 3*y, v + 2*v - 2*y = 232. Let p = v + -55. Calculate the remainder when 47 is divided by p.
22
Suppose w - 4*c = 10, 0*w - 5*c = 2*w - 20. Suppose 144 = 5*r - 2*r. Calculate the remainder when r is divided by w.
8
What is the remainder when 1/3 + (-62)/(-3) is divided by (-93)/(-8) - 3/(-8)?
9
Let n = -74 + 147. Let r = n - 46. Calculate the remainder when r is divided by 15.
12
Let b be (-2)/1*(-9)/18. Suppose 0 = -4*m + 31 + b. Calculate the remainder when 21 is divided by m.
5
Let w(z) = -z**2 - 11. Let n be w(0). Let k = n + 23. Let b(f) = f**2 - f + 2. What is the remainder when b(-4) is divided by k?
10
Suppose -5*q = -5*r + 20, 0 = 2*q - 0*r + 3*r + 8. Calculate the remainder when 124*-4*q/32 is divided by 16.
14
Let x = 21 + 11. What is the remainder when 34 is divided by ((-72)/x)/((-2)/8)?
7
Let y(r) = 19*r - 24. Calculate the remainder when y(8) is divided by 33.
29
Let g(q) = -q**2 - 12*q + 29. What is the remainder when g(-10) is divided by 29?
20
Suppose -39 = 4*q - 7*q. Let f(b) = -b**3 + 21*b**2 - 22*b + 48. What is the remainder when q is divided by f(20)?
5
Let a = 51 + -32. What is the remainder when 55 is divided by a?
17
Let a(i) = 20*i + 2. Let x = 383 + -361. What is the remainder when a(2) is divided by x?
20
Let s be 4/6 - 84/(-9). Let r = -3 + s. Calc